9
Calculate the remainder when 3059416 is divided by 1435.
1431
What is the remainder when 1731 is divided by 994?
737
Calculate the remainder when 20702 is divided by 22.
0
Calculate the remainder when 227119 is divided by 15140.
19
What is the remainder when 227692 is divided by 13?
10
What is the remainder when 17404 is divided by 129?
118
What is the remainder when 2904 is divided by 80?
24
Calculate the remainder when 863 is divided by 114.
65
Calculate the remainder when 106146 is divided by 149.
58
Calculate the remainder when 3778 is divided by 51.
4
What is the remainder when 24561 is divided by 3499?
68
Calculate the remainder when 67255 is divided by 295.
290
Calculate the remainder when 8697 is divided by 20.
17
What is the remainder when 772308 is divided by 413?
411
Calculate the remainder when 4377 is divided by 2171.
35
What is the remainder when 917 is divided by 558?
359
What is the remainder when 906 is divided by 14?
10
What is the remainder when 842224 is divided by 25?
24
Calculate the remainder when 1874 is divided by 208.
2
Calculate the remainder when 4776 is divided by 2311.
154
Calculate the remainder when 211254 is divided by 6034.
64
Calculate the remainder when 669 is divided by 311.
47
What is the remainder when 9171 is divided by 232?
123
What is the remainder when 11819 is divided by 51?
38
Calculate the remainder when 4008 is divided by 1293.
129
What is the remainder when 567268 is divided by 33?
31
What is the remainder when 34990 is divided by 5674?
946
What is the remainder when 28457 is divided by 21?
2
Calculate the remainder when 295 is divided by 167.
128
Calculate the remainder when 930 is divided by 593.
337
Calculate the remainder when 24543 is divided by 1378.
1117
Calculate the remainder when 3879781 is divided by 191.
189
What is the remainder when 3618 is divided by 419?
266
Calculate the remainder when 68229 is divided by 17053.
17
Calculate the remainder when 193772 is divided by 176.
172
Calculate the remainder when 4946 is divided by 2092.
762
What is the remainder when 74853 is divided by 43?
33
What is the remainder when 369482 is divided by 12316?
2
Calculate the remainder when 5779 is divided by 562.
159
Calculate the remainder when 9293 is divided by 203.
158
Calculate the remainder when 1712 is divided by 1699.
13
What is the remainder when 10694071 is divided by 13?
11
Calculate the remainder when 56142 is divided by 6236.
18
What is the remainder when 397669 is divided by 99415?
9
Calculate the remainder when 96177 is divided by 8742.
15
What is the remainder when 1310 is divided by 51?
35
Calculate the remainder when 2386 is divided by 237.
16
Calculate the remainder when 17760 is divided by 3.
0
What is the remainder when 2407 is divided by 1166?
75
What is the remainder when 332650 is divided by 1655?
1650
Calculate the remainder when 573 is divided by 82.
81
Calculate the remainder when 2097 is divided by 2006.
91
What is the remainder when 4137 is divided by 871?
653
What is the remainder when 24128 is divided by 834?
776
What is the remainder when 5189 is divided by 22?
19
Calculate the remainder when 1805 is divided by 677.
451
What is the remainder when 10901 is divided by 149?
24
Calculate the remainder when 584416 is divided by 19.
14
Calculate the remainder when 9843 is divided by 817.
39
Calculate the remainder when 949 is divided by 578.
371
Calculate the remainder when 449178 is divided by 141.
93
Calculate the remainder when 903595 is divided by 159.
157
What is the remainder when 275 is divided by 141?
134
What is the remainder when 9670 is divided by 243?
193
Calculate the remainder when 6085 is divided by 70.
65
What is the remainder when 13175 is divided by 269?
263
Calculate the remainder when 104103 is divided by 169.
168
What is the remainder when 17708 is divided by 5900?
8
What is the remainder when 28966 is divided by 2896?
6
Calculate the remainder when 3180 is divided by 547.
445
What is the remainder when 30315 is divided by 148?
123
Calculate the remainder when 317239 is divided by 10.
9
What is the remainder when 183453 is divided by 2158?
23
Calculate the remainder when 844 is divided by 265.
49
What is the remainder when 2947 is divided by 1431?
85
What is the remainder when 2467 is divided by 773?
148
What is the remainder when 58702 is divided by 21?
7
What is the remainder when 27607 is divided by 8?
7
What is the remainder when 7648 is divided by 174?
166
What is the remainder when 114243 is divided by 133?
129
What is the remainder when 824509 is divided by 412233?
43
Calculate the remainder when 104 is divided by 63.
41
Calculate the remainder when 6599 is divided by 721.
110
What is the remainder when 25336 is divided by 20?
16
What is the remainder when 2051453 is divided by 7?
5
Calculate the remainder when 142558 is divided by 142549.
9
Calculate the remainder when 63921 is divided by 55.
11
What is the remainder when 120321 is divided by 84?
33
What is the remainder when 21756 is divided by 289?
81
Calculate the remainder when 176145 is divided by 65.
60
What is the remainder when 4080 is divided by 3?
0
Calculate the remainder when 21908 is divided by 10416.
1076
What is the remainder when 20831 is divided by 904?
39
What is the remainder when 1838790 is divided by 59?
55
Calculate the remainder when 534122 is divided by 9.
8
Calculate the remainder when 36781 is divided by 22.
19
What is the remainder when 1144 is divided by 489?
166
Calculate the remainder when 1372 is divided by 200.
172
Calculate the remainder when 19640 is divided by 1495.
205
What is the remainder when 5740 is divided by 429?
163
Calculate the remainder when 30333 is divided by 43.
18
What is the remainder when 4073 is divided by 187?
146
Calculate the remainder when 3944 is divided by 360.
344
What is the remainder when 86149 is divided by 44?
41
What is the remainder when 20682 is divided by 43?
42
What is the remainder when 12491 is divided by 1749?
248
Calculate the remainder when 19070 is divided by 1450.
220
What is the remainder when 8187 is divided by 367?
113
What is the remainder when 52430 is divided by 8?
6
What is the remainder when 20957 is divided by 6976?
29
What is the remainder when 1613 is divided by 160?
13
What is the remainder when 402557 is divided by 50319?
5
Calculate the remainder when 324295 is divided by 1142.
1109
What is the remainder when 11919 is divided by 216?
39
Calculate the remainder when 5405 is divided by 778.
737
What is the remainder when 1020 is divided by 41?
36
What is the remainder when 4616 is divided by 1470?
206
Calculate the remainder when 94466 is divided by 416.
34
Calculate the remainder when 759 is divided by 271.
217
Calculate the remainder when 23876 is divided by 2974.
84
What is the remainder when 75647 is divided by 17?
14
What is the remainder when 761948 is divided by 1555?
1553
Calculate the remainder when 66536 is divided by 71.
9
What is the remainder when 3375 is divided by 282?
273
What is the remainder when 40242 is divided by 50?
42
What is the remainder when 5684061 is divided by 12?
9
Calculate the remainder when 66845 is divided by 8355.
5
What is the remainder when 10911963 is divided by 114?
111
Calculate the remainder when 132530 is divided by 934.
836
What is the remainder when 1411343 is divided by 726?
725
Calculate the remainder when 67842 is divided by 28.
26
Calculate the remainder when 206194 is divided by 68731.
1
Calculate the remainder when 45159 is divided by 14.
9
What is the remainder when 214605 is divided by 1?
0
Calculate the remainder when 1861 is divided by 105.
76
What is the remainder when 13897 is divided by 130?
117
Calculate the remainder when 17136 is divided by 2852.
24
What is the remainder when 10328 is divided by 1658?
380
What is the remainder when 36896 is divided by 18413?
70
What is the remainder when 7415 is divided by 939?
842
Calculate the remainder when 5395 is divided by 10.
5
What is the remainder when 88051 is divided by 276?
7
What is the remainder when 2809 is divided by 851?
256
What is the remainder when 36383 is divided by 25?
8
Calculate the remainder when 19627 is divided by 4323.
2335
What is the remainder when 13850 is divided by 814?
12
Calcul